{"id":60,"date":"2021-07-21T17:30:36","date_gmt":"2021-07-21T14:30:36","guid":{"rendered":"https:\/\/gemakmakina.com\/?page_id=60"},"modified":"2025-01-26T19:50:04","modified_gmt":"2025-01-26T16:50:04","slug":"ana-sayfa","status":"publish","type":"page","link":"https:\/\/gemakmakina.com\/","title":{"rendered":"ANA SAYFA"},"content":{"rendered":"\t\t<div data-elementor-type=\"wp-page\" data-elementor-id=\"60\" class=\"elementor elementor-60\">\n\t\t\t\t\t\t<section class=\"elementor-section elementor-top-section elementor-element elementor-element-be59638 elementor-section-full_width elementor-section-height-default elementor-section-height-default\" data-id=\"be59638\" data-element_type=\"section\">\n\t\t\t\t\t\t<div class=\"elementor-container elementor-column-gap-default\">\n\t\t\t\t\t<div class=\"elementor-column elementor-col-100 elementor-top-column elementor-element elementor-element-fef27df\" data-id=\"fef27df\" data-element_type=\"column\">\n\t\t\t<div class=\"elementor-widget-wrap elementor-element-populated\">\n\t\t\t\t\t\t<div class=\"elementor-element elementor-element-277604c elementor-arrows-position-inside elementor-pagination-position-outside elementor-widget elementor-widget-image-carousel\" data-id=\"277604c\" data-element_type=\"widget\" data-settings=\"{&quot;speed&quot;:5000,&quot;navigation&quot;:&quot;both&quot;,&quot;autoplay&quot;:&quot;yes&quot;,&quot;pause_on_hover&quot;:&quot;yes&quot;,&quot;pause_on_interaction&quot;:&quot;yes&quot;,&quot;autoplay_speed&quot;:5000,&quot;infinite&quot;:&quot;yes&quot;}\" data-widget_type=\"image-carousel.default\">\n\t\t\t\t<div class=\"elementor-widget-container\">\n\t\t\t\t\t\t\t<div class=\"elementor-image-carousel-wrapper swiper\" role=\"region\" aria-roledescription=\"carousel\" aria-label=\"Resim D\u00f6ng\u00fcs\u00fc\" dir=\"ltr\">\n\t\t\t<div class=\"elementor-image-carousel swiper-wrapper swiper-image-stretch\" aria-live=\"off\">\n\t\t\t\t\t\t\t\t<div class=\"swiper-slide\" role=\"group\" aria-roledescription=\"slide\" aria-label=\"1 \/ 4\"><figure class=\"swiper-slide-inner\"><img decoding=\"async\" class=\"swiper-slide-image\" src=\"https:\/\/gemakmakina.com\/wp-content\/uploads\/2021\/07\/cnc-torna-3.jpg\" alt=\"cnc-torna-3\" \/><\/figure><\/div><div class=\"swiper-slide\" role=\"group\" aria-roledescription=\"slide\" aria-label=\"2 \/ 4\"><figure class=\"swiper-slide-inner\"><img decoding=\"async\" class=\"swiper-slide-image\" src=\"https:\/\/gemakmakina.com\/wp-content\/uploads\/2021\/07\/cnc-torna-1.jpg\" alt=\"cnc-torna-1\" \/><\/figure><\/div><div class=\"swiper-slide\" role=\"group\" aria-roledescription=\"slide\" aria-label=\"3 \/ 4\"><figure class=\"swiper-slide-inner\"><img decoding=\"async\" class=\"swiper-slide-image\" src=\"https:\/\/gemakmakina.com\/wp-content\/uploads\/2021\/07\/mechanical-engineering-wallpapers-3.jpeg\" alt=\"mechanical-engineering-wallpapers-3\" \/><\/figure><\/div><div class=\"swiper-slide\" role=\"group\" aria-roledescription=\"slide\" aria-label=\"4 \/ 4\"><figure class=\"swiper-slide-inner\"><img decoding=\"async\" class=\"swiper-slide-image\" src=\"https:\/\/gemakmakina.com\/wp-content\/uploads\/2021\/07\/abstract-scene-axis-cnc-milling-machine-g-code-data-cutting-metal-gear-parts-solid-ball-endmill-tools-automotive-159792984.jpg\" alt=\"abstract-scene-axis-cnc-milling-machine-g-code-data-cutting-metal-gear-parts-solid-ball-endmill-tools-automotive-159792984\" \/><\/figure><\/div>\t\t\t<\/div>\n\t\t\t\t\t\t\t\t\t\t\t\t<div class=\"elementor-swiper-button elementor-swiper-button-prev\" role=\"button\" tabindex=\"0\">\n\t\t\t\t\t\t<i aria-hidden=\"true\" class=\"eicon-chevron-left\"><\/i>\t\t\t\t\t<\/div>\n\t\t\t\t\t<div class=\"elementor-swiper-button elementor-swiper-button-next\" role=\"button\" tabindex=\"0\">\n\t\t\t\t\t\t<i aria-hidden=\"true\" class=\"eicon-chevron-right\"><\/i>\t\t\t\t\t<\/div>\n\t\t\t\t\n\t\t\t\t\t\t\t\t\t<div class=\"swiper-pagination\"><\/div>\n\t\t\t\t\t\t\t\t\t<\/div>\n\t\t\t\t\t\t<\/div>\n\t\t\t\t<\/div>\n\t\t\t\t\t<\/div>\n\t\t<\/div>\n\t\t\t\t\t<\/div>\n\t\t<\/section>\n\t\t\t\t<section class=\"elementor-section elementor-top-section elementor-element elementor-element-33f74e8 elementor-section-boxed elementor-section-height-default elementor-section-height-default\" data-id=\"33f74e8\" data-element_type=\"section\">\n\t\t\t\t\t\t<div class=\"elementor-container elementor-column-gap-default\">\n\t\t\t\t\t<div class=\"elementor-column elementor-col-100 elementor-top-column elementor-element elementor-element-a7002d4\" data-id=\"a7002d4\" data-element_type=\"column\">\n\t\t\t<div class=\"elementor-widget-wrap elementor-element-populated\">\n\t\t\t\t\t\t<div class=\"elementor-element elementor-element-37e3314 elementor-widget elementor-widget-text-editor\" data-id=\"37e3314\" data-element_type=\"widget\" data-widget_type=\"text-editor.default\">\n\t\t\t\t<div class=\"elementor-widget-container\">\n\t\t\t\t\t\t\t\t\t<h2>HAKKIMIZDA<\/h2><p><b>GETEKMAK\u00a0<\/b>2012 y\u0131l\u0131 ba\u015f\u0131nda\u00a0 faaliyete ba\u015flayarak \u00fc<span style=\"background-color: #fafafa; color: #262626; font-family: -apple-system, BlinkMacSystemFont, 'Segoe UI', Roboto, Helvetica, Arial, sans-serif; font-weight: var( --e-global-typography-text-font-weight ); font-size: 1rem;\">lkemize d\u0131\u015fardan ithal edilen makine taleplerini kar\u015f\u0131lamak amac\u0131yla yola \u00e7\u0131kt\u0131k.<\/span><span style=\"font-family: var( --e-global-typography-text-font-family ), Sans-serif; font-weight: var( --e-global-typography-text-font-weight ); font-size: 1rem;\">\u00a0D\u00fcnya pazar\u0131ndaki y\u0131llara dayanan tecr\u00fcbeli kadrosu sayesinde tekstil, tekstil makine ve tekstil makine yedek par\u00e7alar\u0131 konusunda, T\u00fcrkiye ve farkl\u0131 ihracat pazarlar\u0131nda m\u00fc\u015fterilerine hizmet vermektedir.<\/span><\/p><p><b>KAL\u0130TE POL\u0130T\u0130KASI:<br \/><\/b>Kurulu\u015f tarihinden itibaren istikrarl\u0131 bir \u015fekilde ilerlemekte olan\u00a0 GETEKMAK MAK\u0130NA\u00a0 \u00a0m\u00fc\u015fterilerine sunmu\u015f oldu\u011fu kalite, verimlilik, sat\u0131\u015f \u00f6ncesi ve sonras\u0131 hizmetlerinden dolay\u0131 k\u0131sa bir zaman zarf\u0131nda bug\u00fcnlere gelmi\u015f ve bu y\u00fckseli\u015f trendini \u00f6n\u00fcm\u00fczdeki y\u0131llarda da devam ettirmeyi hedeflemektedir.<\/p><p><b>M\u0130SYONUMUZ:<\/b><br \/><b>GETEKMAK <\/b> olarak ana hedefimiz, \u00fclkemizde kaliteli \u00fcretim yaparak d\u00fcnya pazarlar\u0131nda pazarlamak ve \u00fclkemizin bu konudaki g\u00fcc\u00fcn\u00fc ve kalitesini t\u00fcm d\u00fcnyaya tan\u0131tmakt\u0131r.<\/p><p><b>V\u0130ZYONUMUZ:<br \/><\/b>Profesyonel \u00e7al\u0131\u015fma kadrosu ile s\u00fcrekli geli\u015fmekte ve ilerlemekte olan teknolojiye ayak uydurmak; geli\u015fmekte olan en son teknolojiyi m\u00fc\u015fterilerine sunmak; bu sayede m\u00fc\u015fteri \u00e7\u0131karlar\u0131 do\u011frultusunda\u00a0 rekabet ortam\u0131 yaratmak.<\/p>\t\t\t\t\t\t\t\t<\/div>\n\t\t\t\t<\/div>\n\t\t\t\t\t<\/div>\n\t\t<\/div>\n\t\t\t\t\t<\/div>\n\t\t<\/section>\n\t\t\t\t<section class=\"elementor-section elementor-top-section elementor-element elementor-element-27ee54a elementor-section-boxed elementor-section-height-default elementor-section-height-default\" data-id=\"27ee54a\" data-element_type=\"section\">\n\t\t\t\t\t\t<div class=\"elementor-container elementor-column-gap-default\">\n\t\t\t\t\t<div class=\"elementor-column elementor-col-100 elementor-top-column elementor-element elementor-element-25bbe58\" data-id=\"25bbe58\" data-element_type=\"column\">\n\t\t\t<div class=\"elementor-widget-wrap elementor-element-populated\">\n\t\t\t\t\t\t<section class=\"elementor-section elementor-inner-section elementor-element elementor-element-978f6b2 elementor-section-full_width elementor-section-content-middle elementor-section-height-default elementor-section-height-default\" data-id=\"978f6b2\" data-element_type=\"section\">\n\t\t\t\t\t\t<div class=\"elementor-container elementor-column-gap-default\">\n\t\t\t\t\t<div class=\"elementor-column elementor-col-66 elementor-inner-column elementor-element elementor-element-418d35e\" data-id=\"418d35e\" data-element_type=\"column\">\n\t\t\t<div class=\"elementor-widget-wrap elementor-element-populated\">\n\t\t\t\t\t\t<div class=\"elementor-element elementor-element-ee24e1a elementor-widget elementor-widget-google_maps\" data-id=\"ee24e1a\" data-element_type=\"widget\" data-widget_type=\"google_maps.default\">\n\t\t\t\t<div class=\"elementor-widget-container\">\n\t\t\t\t\t\t\t<div class=\"elementor-custom-embed\">\n\t\t\t<iframe loading=\"lazy\"\n\t\t\t\t\tsrc=\"https:\/\/maps.google.com\/maps?q=Alt%C4%B1nova%2C%201.%20Ova%20Sk.%20No%3A2%2C%2016250%20Osmangazi%2FBursa&#038;t=m&#038;z=16&#038;output=embed&#038;iwloc=near\"\n\t\t\t\t\ttitle=\"Alt\u0131nova, 1. Ova Sk. No:2, 16250 Osmangazi\/Bursa\"\n\t\t\t\t\taria-label=\"Alt\u0131nova, 1. Ova Sk. No:2, 16250 Osmangazi\/Bursa\"\n\t\t\t><\/iframe>\n\t\t<\/div>\n\t\t\t\t\t\t<\/div>\n\t\t\t\t<\/div>\n\t\t\t\t\t<\/div>\n\t\t<\/div>\n\t\t\t\t<div class=\"elementor-column elementor-col-33 elementor-inner-column elementor-element elementor-element-79a39d5\" data-id=\"79a39d5\" data-element_type=\"column\">\n\t\t\t<div class=\"elementor-widget-wrap elementor-element-populated\">\n\t\t\t\t\t\t<div class=\"elementor-element elementor-element-84bd4f8 elementor-widget elementor-widget-text-editor\" data-id=\"84bd4f8\" data-element_type=\"widget\" data-widget_type=\"text-editor.default\">\n\t\t\t\t<div class=\"elementor-widget-container\">\n\t\t\t\t\t\t\t\t\t<p><strong>\u0130leti\u015fim<\/strong><br \/>G\u00f6khan YEY\u0130N<br \/>0536 856 15 96<\/p><p>Ersel G\u00dcNE\u015e<br \/>0533 327 92 02<\/p><p><strong>e-mail :<\/strong><\/p><p>europa@gemakmakina.com<\/p><p>info@gemakmakina.com<\/p><p><strong>\u00c7al\u0131\u015fma Saatleri<\/strong><br \/>Pazartesi\u2013Cuma: 9:00\u201317:00<br \/>Cumartesi: 09:00\u201317:00<\/p>\t\t\t\t\t\t\t\t<\/div>\n\t\t\t\t<\/div>\n\t\t\t\t\t<\/div>\n\t\t<\/div>\n\t\t\t\t\t<\/div>\n\t\t<\/section>\n\t\t\t\t\t<\/div>\n\t\t<\/div>\n\t\t\t\t\t<\/div>\n\t\t<\/section>\n\t\t\t\t<section class=\"elementor-section elementor-top-section elementor-element elementor-element-ec054b3 elementor-section-content-middle elementor-section-boxed elementor-section-height-default elementor-section-height-default\" data-id=\"ec054b3\" data-element_type=\"section\">\n\t\t\t\t\t\t<div class=\"elementor-container elementor-column-gap-default\">\n\t\t\t\t\t<div class=\"elementor-column elementor-col-100 elementor-top-column elementor-element elementor-element-c559a0f\" data-id=\"c559a0f\" data-element_type=\"column\">\n\t\t\t<div class=\"elementor-widget-wrap elementor-element-populated\">\n\t\t\t\t\t\t<div class=\"elementor-element elementor-element-b851692 elementor-widget elementor-widget-wpforms\" data-id=\"b851692\" data-element_type=\"widget\" data-widget_type=\"wpforms.default\">\n\t\t\t\t<div class=\"elementor-widget-container\">\n\t\t\t\t\t<div class=\"wpforms-container wpforms-container-full\" id=\"wpforms-123\"><form id=\"wpforms-form-123\" class=\"wpforms-validate wpforms-form wpforms-ajax-form\" data-formid=\"123\" method=\"post\" enctype=\"multipart\/form-data\" action=\"\/index.php\/wp-json\/wp\/v2\/pages\/60\" data-token=\"d264a0b3a61d0f478df146b8e93cb849\" data-token-time=\"1776423096\"><div class=\"wpforms-head-container\"><div class=\"wpforms-title\">TEKL\u0130F TALEP FORMU<\/div><\/div><noscript class=\"wpforms-error-noscript\">Bu formu bitirebilmek i\u00e7in taray\u0131c\u0131n\u0131zda JavaScript&#039;i etkinle\u015ftirin.<\/noscript><div class=\"wpforms-field-container\"><div id=\"wpforms-123-field_0-container\" class=\"wpforms-field wpforms-field-name\" data-field-id=\"0\"><label class=\"wpforms-field-label\">\u0130sim &amp; Soyisim <span class=\"wpforms-required-label\">*<\/span><\/label><div class=\"wpforms-field-row wpforms-field-medium\"><div class=\"wpforms-field-row-block wpforms-first wpforms-one-half\"><input type=\"text\" id=\"wpforms-123-field_0\" class=\"wpforms-field-name-first wpforms-field-required\" name=\"wpforms[fields][0][first]\" required><label for=\"wpforms-123-field_0\" class=\"wpforms-field-sublabel after\">Ad<\/label><\/div><div class=\"wpforms-field-row-block wpforms-one-half\"><input type=\"text\" id=\"wpforms-123-field_0-last\" class=\"wpforms-field-name-last wpforms-field-required\" name=\"wpforms[fields][0][last]\" required><label for=\"wpforms-123-field_0-last\" class=\"wpforms-field-sublabel after\">Soyad<\/label><\/div><\/div><\/div><div id=\"wpforms-123-field_5-container\" class=\"wpforms-field wpforms-field-email\" data-field-id=\"5\"><label class=\"wpforms-field-label\" for=\"wpforms-123-field_5\">E-Posta Adresi <span class=\"wpforms-required-label\">*<\/span><\/label><input type=\"email\" id=\"wpforms-123-field_5\" class=\"wpforms-field-medium wpforms-field-required\" name=\"wpforms[fields][5]\" spellcheck=\"false\" required><\/div><div id=\"wpforms-123-field_4-container\" class=\"wpforms-field wpforms-field-number\" data-field-id=\"4\"><label class=\"wpforms-field-label\" for=\"wpforms-123-field_4\">Telefon Numaras\u0131 <span class=\"wpforms-required-label\">*<\/span><\/label><input type=\"number\" id=\"wpforms-123-field_4\" class=\"wpforms-field-medium wpforms-field-required\" name=\"wpforms[fields][4]\" required><\/div><div id=\"wpforms-123-field_2-container\" class=\"wpforms-field wpforms-field-textarea\" data-field-id=\"2\"><label class=\"wpforms-field-label\" for=\"wpforms-123-field_2\">Teklif Talep <span class=\"wpforms-required-label\">*<\/span><\/label><textarea id=\"wpforms-123-field_2\" class=\"wpforms-field-medium wpforms-field-required\" name=\"wpforms[fields][2]\" required><\/textarea><\/div><\/div><!-- .wpforms-field-container --><div class=\"wpforms-submit-container\" ><input type=\"hidden\" name=\"wpforms[id]\" value=\"123\"><input type=\"hidden\" name=\"page_title\" value=\"\"><input type=\"hidden\" name=\"page_url\" value=\"https:\/\/gemakmakina.com\/index.php\/wp-json\/wp\/v2\/pages\/60\"><button type=\"submit\" name=\"wpforms[submit]\" id=\"wpforms-submit-123\" class=\"wpforms-submit\" data-alt-text=\"G\u00f6nderiliyor...\" data-submit-text=\"G\u00f6nder\" aria-live=\"assertive\" value=\"wpforms-submit\">G\u00f6nder<\/button><img decoding=\"async\" src=\"https:\/\/gemakmakina.com\/wp-content\/plugins\/wpforms-lite\/assets\/images\/submit-spin.svg\" class=\"wpforms-submit-spinner\" style=\"display: none;\" width=\"26\" height=\"26\" alt=\"Y\u00fckleniyor\"><\/div><\/form><\/div>  <!-- .wpforms-container -->\t\t\t\t<\/div>\n\t\t\t\t<\/div>\n\t\t\t\t\t<\/div>\n\t\t<\/div>\n\t\t\t\t\t<\/div>\n\t\t<\/section>\n\t\t\t\t<\/div>\n\t\t","protected":false},"excerpt":{"rendered":"<p>HAKKIMIZDA GETEKMAK\u00a02012 y\u0131l\u0131 ba\u015f\u0131nda\u00a0 faaliyete ba\u015flayarak \u00fclkemize d\u0131\u015fardan ithal edilen makine taleplerini kar\u015f\u0131lamak amac\u0131yla yola \u00e7\u0131kt\u0131k.\u00a0D\u00fcnya pazar\u0131ndaki y\u0131llara dayanan tecr\u00fcbeli kadrosu sayesinde tekstil, tekstil makine&hellip;<\/p>\n","protected":false},"author":1,"featured_media":0,"parent":0,"menu_order":0,"comment_status":"closed","ping_status":"closed","template":"elementor_header_footer","meta":{"footnotes":""},"class_list":["post-60","page","type-page","status-publish","hentry"],"_links":{"self":[{"href":"https:\/\/gemakmakina.com\/index.php\/wp-json\/wp\/v2\/pages\/60","targetHints":{"allow":["GET"]}}],"collection":[{"href":"https:\/\/gemakmakina.com\/index.php\/wp-json\/wp\/v2\/pages"}],"about":[{"href":"https:\/\/gemakmakina.com\/index.php\/wp-json\/wp\/v2\/types\/page"}],"author":[{"embeddable":true,"href":"https:\/\/gemakmakina.com\/index.php\/wp-json\/wp\/v2\/users\/1"}],"replies":[{"embeddable":true,"href":"https:\/\/gemakmakina.com\/index.php\/wp-json\/wp\/v2\/comments?post=60"}],"version-history":[{"count":64,"href":"https:\/\/gemakmakina.com\/index.php\/wp-json\/wp\/v2\/pages\/60\/revisions"}],"predecessor-version":[{"id":383,"href":"https:\/\/gemakmakina.com\/index.php\/wp-json\/wp\/v2\/pages\/60\/revisions\/383"}],"wp:attachment":[{"href":"https:\/\/gemakmakina.com\/index.php\/wp-json\/wp\/v2\/media?parent=60"}],"curies":[{"name":"wp","href":"https:\/\/api.w.org\/{rel}","templated":true}]}}